{"id":294,"date":"2024-04-23T11:05:39","date_gmt":"2024-04-23T11:05:39","guid":{"rendered":"https:\/\/oferradomarelo.com\/?page_id=294"},"modified":"2024-04-23T11:12:36","modified_gmt":"2024-04-23T11:12:36","slug":"politica-de-privacidade","status":"publish","type":"page","link":"https:\/\/oferradomarelo.com\/index.php\/politica-de-privacidade\/","title":{"rendered":"Pol\u00edtica de privacidade"},"content":{"rendered":"\t\t<div data-elementor-type=\"wp-page\" data-elementor-id=\"294\" class=\"elementor elementor-294\">\n\t\t\t\t<div class=\"elementor-element elementor-element-c347530 e-con-full e-flex e-con e-parent\" data-id=\"c347530\" data-element_type=\"container\">\n\t\t\t\t<div class=\"elementor-element elementor-element-34b551e elementor-widget-divider--view-line elementor-widget elementor-widget-divider\" data-id=\"34b551e\" data-element_type=\"widget\" data-widget_type=\"divider.default\">\n\t\t\t\t<div class=\"elementor-widget-container\">\n\t\t\t\t\t\t\t<div class=\"elementor-divider\">\n\t\t\t<span class=\"elementor-divider-separator\">\n\t\t\t\t\t\t<\/span>\n\t\t<\/div>\n\t\t\t\t\t\t<\/div>\n\t\t\t\t<\/div>\n\t\t\t\t<\/div>\n\t\t<div class=\"elementor-element elementor-element-fe5e01b e-flex e-con-boxed e-con e-parent\" data-id=\"fe5e01b\" data-element_type=\"container\">\n\t\t\t\t\t<div class=\"e-con-inner\">\n\t\t\t\t<div class=\"elementor-element elementor-element-e6fc031 elementor-widget elementor-widget-spacer\" data-id=\"e6fc031\" data-element_type=\"widget\" data-widget_type=\"spacer.default\">\n\t\t\t\t<div class=\"elementor-widget-container\">\n\t\t\t\t\t\t\t<div class=\"elementor-spacer\">\n\t\t\t<div class=\"elementor-spacer-inner\"><\/div>\n\t\t<\/div>\n\t\t\t\t\t\t<\/div>\n\t\t\t\t<\/div>\n\t\t\t\t\t<\/div>\n\t\t\t\t<\/div>\n\t\t<div class=\"elementor-element elementor-element-e047439 elementor-hidden-mobile e-flex e-con-boxed e-con e-parent\" data-id=\"e047439\" data-element_type=\"container\">\n\t\t\t\t\t<div class=\"e-con-inner\">\n\t\t<div class=\"elementor-element elementor-element-b96cfce e-con-full e-flex e-con e-child\" data-id=\"b96cfce\" data-element_type=\"container\">\n\t\t\t\t<div class=\"elementor-element elementor-element-c66c8a5 elementor-invisible elementor-widget elementor-widget-image\" data-id=\"c66c8a5\" data-element_type=\"widget\" data-settings=\"{&quot;_animation&quot;:&quot;fadeInLeft&quot;}\" data-widget_type=\"image.default\">\n\t\t\t\t<div class=\"elementor-widget-container\">\n\t\t\t\t\t\t\t\t\t\t\t\t\t\t\t<img decoding=\"async\" src=\"https:\/\/oferradomarelo.com\/wp-content\/uploads\/2024\/01\/icono-gris-ferrado-marelo-e1706012445747.png\" title=\"icono-gris-ferrado-marelo\" alt=\"icono-gris-ferrado-marelo\" loading=\"lazy\" \/>\t\t\t\t\t\t\t\t\t\t\t\t\t\t\t<\/div>\n\t\t\t\t<\/div>\n\t\t\t\t<\/div>\n\t\t<div class=\"elementor-element elementor-element-b76fc1d e-con-full e-flex e-con e-child\" data-id=\"b76fc1d\" data-element_type=\"container\">\n\t\t\t\t<div class=\"elementor-element elementor-element-0cdfc1b elementor-invisible elementor-widget elementor-widget-text-editor\" data-id=\"0cdfc1b\" data-element_type=\"widget\" data-settings=\"{&quot;_animation&quot;:&quot;fadeInUp&quot;}\" data-widget_type=\"text-editor.default\">\n\t\t\t\t<div class=\"elementor-widget-container\">\n\t\t\t\t\t\t\t\t\t<h2 style=\"text-align: center;\"><span style=\"color: #000000;\">POL\u00cdTICA DE PRIVACIDADE<\/span><\/h2>\t\t\t\t\t\t\t\t<\/div>\n\t\t\t\t<\/div>\n\t\t\t\t<\/div>\n\t\t<div class=\"elementor-element elementor-element-d7c7b1b e-con-full e-flex e-con e-child\" data-id=\"d7c7b1b\" data-element_type=\"container\">\n\t\t\t\t<div class=\"elementor-element elementor-element-2bfd6ae elementor-invisible elementor-widget elementor-widget-image\" data-id=\"2bfd6ae\" data-element_type=\"widget\" data-settings=\"{&quot;_animation&quot;:&quot;fadeInRight&quot;}\" data-widget_type=\"image.default\">\n\t\t\t\t<div class=\"elementor-widget-container\">\n\t\t\t\t\t\t\t\t\t\t\t\t\t\t\t<img decoding=\"async\" src=\"https:\/\/oferradomarelo.com\/wp-content\/uploads\/2024\/01\/icono-gris-ferrado-marelo-e1706012445747.png\" title=\"icono-gris-ferrado-marelo\" alt=\"icono-gris-ferrado-marelo\" loading=\"lazy\" \/>\t\t\t\t\t\t\t\t\t\t\t\t\t\t\t<\/div>\n\t\t\t\t<\/div>\n\t\t\t\t<\/div>\n\t\t\t\t\t<\/div>\n\t\t\t\t<\/div>\n\t\t<div class=\"elementor-element elementor-element-aa01267 elementor-hidden-desktop elementor-hidden-tablet e-flex e-con-boxed e-con e-parent\" data-id=\"aa01267\" data-element_type=\"container\">\n\t\t\t\t\t<div class=\"e-con-inner\">\n\t\t<div class=\"elementor-element elementor-element-881a459 e-con-full e-flex e-con e-child\" data-id=\"881a459\" data-element_type=\"container\">\n\t\t\t\t<div class=\"elementor-element elementor-element-0d01069 elementor-invisible elementor-widget elementor-widget-image\" data-id=\"0d01069\" data-element_type=\"widget\" data-settings=\"{&quot;_animation&quot;:&quot;fadeInRight&quot;}\" data-widget_type=\"image.default\">\n\t\t\t\t<div class=\"elementor-widget-container\">\n\t\t\t\t\t\t\t\t\t\t\t\t\t\t\t<img decoding=\"async\" src=\"https:\/\/oferradomarelo.com\/wp-content\/uploads\/2024\/01\/icono-gris-ferrado-marelo-e1706012445747.png\" title=\"icono-gris-ferrado-marelo\" alt=\"icono-gris-ferrado-marelo\" loading=\"lazy\" \/>\t\t\t\t\t\t\t\t\t\t\t\t\t\t\t<\/div>\n\t\t\t\t<\/div>\n\t\t\t\t<\/div>\n\t\t<div class=\"elementor-element elementor-element-4cf93fd e-con-full e-flex e-con e-child\" data-id=\"4cf93fd\" data-element_type=\"container\">\n\t\t\t\t<div class=\"elementor-element elementor-element-694cec8 elementor-invisible elementor-widget elementor-widget-text-editor\" data-id=\"694cec8\" data-element_type=\"widget\" data-settings=\"{&quot;_animation&quot;:&quot;fadeInUp&quot;}\" data-widget_type=\"text-editor.default\">\n\t\t\t\t<div class=\"elementor-widget-container\">\n\t\t\t\t\t\t\t\t\t<p style=\"text-align: center;\"><span style=\"color: #000000;\">POL\u00cdTICA DE PRIVACIDADE<\/span><\/p>\t\t\t\t\t\t\t\t<\/div>\n\t\t\t\t<\/div>\n\t\t\t\t<\/div>\n\t\t<div class=\"elementor-element elementor-element-70ab41b e-con-full e-flex e-con e-child\" data-id=\"70ab41b\" data-element_type=\"container\">\n\t\t\t\t<div class=\"elementor-element elementor-element-a20349d elementor-invisible elementor-widget elementor-widget-image\" data-id=\"a20349d\" data-element_type=\"widget\" data-settings=\"{&quot;_animation&quot;:&quot;fadeInLeft&quot;}\" data-widget_type=\"image.default\">\n\t\t\t\t<div class=\"elementor-widget-container\">\n\t\t\t\t\t\t\t\t\t\t\t\t\t\t\t<img decoding=\"async\" src=\"https:\/\/oferradomarelo.com\/wp-content\/uploads\/2024\/01\/icono-gris-ferrado-marelo-e1706012445747.png\" title=\"icono-gris-ferrado-marelo\" alt=\"icono-gris-ferrado-marelo\" loading=\"lazy\" \/>\t\t\t\t\t\t\t\t\t\t\t\t\t\t\t<\/div>\n\t\t\t\t<\/div>\n\t\t\t\t<\/div>\n\t\t\t\t\t<\/div>\n\t\t\t\t<\/div>\n\t\t<div class=\"elementor-element elementor-element-66f0b37 e-flex e-con-boxed e-con e-parent\" data-id=\"66f0b37\" data-element_type=\"container\">\n\t\t\t\t\t<div class=\"e-con-inner\">\n\t\t\t\t<div class=\"elementor-element elementor-element-e7b1c96 elementor-widget elementor-widget-spacer\" data-id=\"e7b1c96\" data-element_type=\"widget\" data-widget_type=\"spacer.default\">\n\t\t\t\t<div class=\"elementor-widget-container\">\n\t\t\t\t\t\t\t<div class=\"elementor-spacer\">\n\t\t\t<div class=\"elementor-spacer-inner\"><\/div>\n\t\t<\/div>\n\t\t\t\t\t\t<\/div>\n\t\t\t\t<\/div>\n\t\t\t\t\t<\/div>\n\t\t\t\t<\/div>\n\t\t<div class=\"elementor-element elementor-element-8e5e67c e-flex e-con-boxed e-con e-parent\" data-id=\"8e5e67c\" data-element_type=\"container\">\n\t\t\t\t\t<div class=\"e-con-inner\">\n\t\t\t\t<div class=\"elementor-element elementor-element-fad3967 elementor-widget elementor-widget-text-editor\" data-id=\"fad3967\" data-element_type=\"widget\" data-widget_type=\"text-editor.default\">\n\t\t\t\t<div class=\"elementor-widget-container\">\n\t\t\t\t\t\t\t\t\t<p>Inf\u00f3rmaselle que os datos persoais que nos facilite voluntariamente, a trav\u00e9s dos distintos formularios da web, ser\u00e1n tratados oferradomarelo.com con domicilio en Av. de Galicia, 3, 27700 Ribadeo, Lugo, que cumpre coas medidas de seguridade esixidas na lexislaci\u00f3n vixente en materia de Protecci\u00f3n de Datos de Car\u00e1cter Persoal. A finalidade do devandito tratamento \u00e9 a descrita en cada un dos formularios establecidos na p\u00e1xina web no que Vostede nos facilitou os seus datos.<\/p><p>Os datos facilitados non ser\u00e1n cedidos a terceiros salvo nos casos en que exista unha obrigaci\u00f3n legal, e conservaranse durante o tempo necesario para atender a s\u00faa solicitude, a condici\u00f3n de que non nos indique o contrario exercendo o seu dereito de supresi\u00f3n, ou durante o tempo necesario para cumprir coas obrigaci\u00f3ns legais e atender as posibles responsabilidades que puidesen derivar do cumprimento da finalidade para a que os datos foron solicitados.<\/p><p>oferradomarelo.com non elaborar\u00e1 ning\u00fan tipo de \u201cperfil\u201d, en base \u00e1 informaci\u00f3n facilitada. Non se tomar\u00e1n decisi\u00f3ns automatizadas en base a perf\u00eds.<\/p><p>As\u00ed mesmo, oferradomarelo.com cancelar\u00e1 ou rectificar\u00e1 os datos cando resulten inexactos, incompletos ou deixasen de ser necesarios para a s\u00faa finalidade, de conformidade co previsto na lexislaci\u00f3n vixente en materia de Protecci\u00f3n de Datos de Car\u00e1cter Persoal.<\/p><p>Mentres non nos comunique o contrario, entenderemos que os seus datos non foron modificados, que vostede se compromete a notificarnos calquera variaci\u00f3n e que temos o consentimento para utilizalos a fin de poder fidelizar a relaci\u00f3n entre as partes.<\/p><p>O usuario poder\u00e1 exercer os dereitos de acceso, rectificaci\u00f3n, supresi\u00f3n, oposici\u00f3n, limitaci\u00f3n do tratamento, portabilidad de datos e a non ser obxecto de decisi\u00f3ns individualizadas automatizadas, en relaci\u00f3n cos datos obxecto do tratamento, ante o responsable do tratamento na direcci\u00f3n anteriormente mencionada, ou por correo electr\u00f3nico a ferradomarelo@gmail.com, achegando copia do seu DNI ou documento equivalente. No caso de que non obtivese satisfacci\u00f3n no exercicio dos seus dereitos, poder\u00e1 presentar unha reclamaci\u00f3n ante a Autoridade de Control en materia Protecci\u00f3n de Datos competente, sendo esta a Axencia Espa\u00f1ola de Protecci\u00f3n de Datos, e cuxos datos de contacto est\u00e1n accesibles en https:\/\/sedeagpd.gob.es\/sede-electronica-web\/vistas\/formNuevaReclamacion\/reclamacion.jsf.<\/p><p>oferradomarelo.com adopta as medidas t\u00e9cnicas, controis e procedementos de car\u00e1cter f\u00edsico, organizativo e tecnol\u00f3xico, razoablemente fiables e efectivos, orientados a preservar a integridade e a seguridade dos seus datos e garantir a s\u00faa privacidade. Con todo, non asume ningunha responsabilidade polos danos e prexu\u00edzos derivados de alteraci\u00f3ns que terceiros poidan causar nos sistemas inform\u00e1ticos, documentos electr\u00f3nicos ou ficheiros do usuario.<\/p><p>Ademais, todo o persoal con acceso aos datos persoais foi formado e ten co\u00f1ecemento das s\u00faas obrigaci\u00f3ns con relaci\u00f3n aos tratamentos dos seus datos persoais.<\/p><p>No caso dos contratos que subscribimos cos nosos provedores inclu\u00edmos cl\u00e1usulas nas que se lles esixe manter o deber de secreto respecto a os datos de car\u00e1cter persoal aos que tivesen acceso en virtude do encargo realizado, as\u00ed como implantar as medidas de seguridade t\u00e9cnicas e organizativas necesarias para garantir a confidencialidade, integridade, dispo\u00f1ibilidade e resiliencia permanentes dos sistemas e servizos de tratamento dos datos persoais.<\/p><p>Todas estas medidas de seguridade son revisadas de forma peri\u00f3dica para garantir a s\u00faa adecuaci\u00f3n e efectividade.<\/p><p>Con todo, a seguridade absoluta non se pode garantir e non existe ning\u00fan sistema de seguridade que sexa impenetrable polo que, no caso de calquera informaci\u00f3n obxecto de tratamento e baixo o noso control v\u00edsese comprometida como consecuencia dunha brecha de seguridade, tomaremos as medidas adecuadas para investigar o incidente, notificalo \u00e1 Autoridade de Control e, no seu caso, a aqueles usuarios que se puideron ver afectados para que tomen as medidas adecuadas.<\/p><p>De acordo co que establece a Lei 34\/2002, de Servizos da Sociedade da Informaci\u00f3n e o Comercio Electr\u00f3nico no seu artigo 21, solicitaremos o seu consentimento para poder realizar comunicaci\u00f3ns publicitarias que consideremos poidan ser do seu interese, por correo electr\u00f3nico ou por calquera outro medio de comunicaci\u00f3n electr\u00f3nica equivalente.<\/p><p>No caso de autorizar o env\u00edo de informaci\u00f3n \/ publicidade e non desexe seguir recibindo m\u00e1is informaci\u00f3n respecto diso, vostede ten dereito a opo\u00f1erse e\/ou retirar devandito consentimento, en calquera momento, mediante notificaci\u00f3n por escrito ou mediante correo electr\u00f3nico na\/ s direcci\u00f3n\/\u00e9 anteriormente indicada\/s.<\/p>\t\t\t\t\t\t\t\t<\/div>\n\t\t\t\t<\/div>\n\t\t\t\t\t<\/div>\n\t\t\t\t<\/div>\n\t\t\t\t<\/div>\n\t\t","protected":false},"excerpt":{"rendered":"<p>POL\u00cdTICA DE PRIVACIDADE POL\u00cdTICA DE PRIVACIDADE Inf\u00f3rmaselle que os datos persoais que nos facilite voluntariamente, a trav\u00e9s dos distintos formularios da web, ser\u00e1n tratados oferradomarelo.com con domicilio en Av. de Galicia, 3, 27700 Ribadeo, Lugo, que cumpre coas medidas de seguridade esixidas na lexislaci\u00f3n vixente en materia de Protecci\u00f3n de Datos de Car\u00e1cter Persoal. A &#8230; <a title=\"Pol\u00edtica de privacidade\" class=\"read-more\" href=\"https:\/\/oferradomarelo.com\/index.php\/politica-de-privacidade\/\" aria-label=\"Leer m\u00e1s sobre Pol\u00edtica de privacidade\">Leer m\u00e1s<\/a><\/p>\n","protected":false},"author":2,"featured_media":0,"parent":0,"menu_order":0,"comment_status":"closed","ping_status":"closed","template":"elementor_canvas","meta":{"footnotes":""},"class_list":["post-294","page","type-page","status-publish"],"aioseo_notices":[],"_links":{"self":[{"href":"https:\/\/oferradomarelo.com\/index.php\/wp-json\/wp\/v2\/pages\/294","targetHints":{"allow":["GET"]}}],"collection":[{"href":"https:\/\/oferradomarelo.com\/index.php\/wp-json\/wp\/v2\/pages"}],"about":[{"href":"https:\/\/oferradomarelo.com\/index.php\/wp-json\/wp\/v2\/types\/page"}],"author":[{"embeddable":true,"href":"https:\/\/oferradomarelo.com\/index.php\/wp-json\/wp\/v2\/users\/2"}],"replies":[{"embeddable":true,"href":"https:\/\/oferradomarelo.com\/index.php\/wp-json\/wp\/v2\/comments?post=294"}],"version-history":[{"count":7,"href":"https:\/\/oferradomarelo.com\/index.php\/wp-json\/wp\/v2\/pages\/294\/revisions"}],"predecessor-version":[{"id":304,"href":"https:\/\/oferradomarelo.com\/index.php\/wp-json\/wp\/v2\/pages\/294\/revisions\/304"}],"wp:attachment":[{"href":"https:\/\/oferradomarelo.com\/index.php\/wp-json\/wp\/v2\/media?parent=294"}],"curies":[{"name":"wp","href":"https:\/\/api.w.org\/{rel}","templated":true}]}}